39 + 174900/9.
19433
Let m(z) = z**3 - 5*z**2 - 14*z + 9. Let a be m(5). Let c = -58 - a. Suppose -o + 16 + 515 = 5*q, c*o + 315 = 3*q. What are the prime factors of q?
2, 53
Let g(q) = -7*q**2 + 75 - 2*q - 19 + 8*q**2 + 0*q**2. What are the prime factors of g(19)?
379
Let t(f) = 3*f - 38. Let v be t(13). List the prime factors of v/((-2)/(-7) + 3015/(-10675)).
5, 61
Suppose 982 = 5*p - 2*h, -5*h = 3*p - 8*h - 582. Suppose 2*x = -4*y + p, -x + 5*y + 330 = 2*x. What are the prime factors of x?
3, 5, 7
Let w be ((-50)/(-6))/((-1)/(-3)). Let m = -20 + w. List the prime factors of 45 - 5 - (m - 1).
2, 3
Suppose -42*v + 245392 + 475874 = 0. List the prime factors of v.
13, 1321
Suppose 52*a - 47*a = 4*r - 155494, -5*a - 10 = 0. What are the prime factors of r?
3, 7, 617
Let r(f) = f**2 - 15*f - 16. Let i be r(16). Suppose i = 3*d - 25 - 41. List the prime factors of 1932/d + 12/66.
2, 11
Let z(y) = -23 + 202*y - 10 + 2 + 8. List the prime factors of z(4).
5, 157
Let l(i) be the second derivative of -5/2*i**2 + 0 + i - 12*i**3. List the prime factors of l(-2).
139
Suppose -189*s + 87895 = -100*s - 84*s. What are the prime factors of s?
17579
Let u(g) = 399*g - 56. Let h be u(4). Suppose -5*w - 2*a + 2563 = 0, -a = 3*w - 6*w + h. List the prime factors of w.
3, 19
Let o = 40 - 10. Suppose -125*a = -114*a - 55. Suppose -5*x + 45 + o = t, -155 = -2*t - a*x. What are the prime factors of t?
2, 5
Let u be 7*(-2 + 40/(-28)). Let l = u + 60. List the prime factors of l/306 - (-1356)/34.
2, 5
Suppose 8 = -m + b, 8 = 23*b - 19*b. Let k(v) be the second derivative of -v**3/6 + 10*v**2 - v. List the prime factors of k(m).
2, 13
Let t be (-3)/2*-44*(-3)/(-6). Suppose -39 - t = 4*z. List the prime factors of z/(-45) + (-1796)/(-10).
2, 3, 5
Let k(y) = -83*y + 3. Let a be k(1). Let c = 88 + a. Suppose c*q - 206 = 6*q. What are the prime factors of q?
103
Let u(g) be the third derivative of g**5/60 - g**4/8 + 5*g**3/6 + 85*g**2 - g. List the prime factors of u(-13).
3, 71
Let f(a) = -a**3 - 9*a**2 + 12*a + 23. Let k(t) = -5*t. Let i be k(2). Let o be f(i). What are the prime factors of (-90)/(-4) + o/(-2)?
3, 7
Suppose 0 = -o + 5, -o + 3*o - 38 = -x. Let b be (x/20 + -2)*-10. Let i(f) = f**3 - 4*f**2 - 4*f + 9. What are the prime factors of i(b)?
3, 19
Let q be (-2)/1 + 0 + 3. List the prime factors of (691/q)/1 + (19 - 16).
2, 347
Suppose -255 = -5*g - 2*l, 3*g - 2*g - 3*l = 68. Let j = 39 - g. List the prime factors of (-66)/j - 5 - 590/(-7).
2, 3, 7
Suppose -4*c + 86*j - 90*j = -55272, 13810 = c - j. What are the prime factors of c?
2, 6907
Suppose -55498 = -6*y - 3*z + 18776, -4*y + 3*z + 49516 = 0. List the prime factors of y.
12379
Suppose 314316 = 33*k + 11673. What are the prime factors of k?
3, 1019
Let t = 38626 - -11159. What are the prime factors of t?
3, 5, 3319
Suppose -105*g + 106*g - 51426 = -2*k, -25735 = -k + 5*g. What are the prime factors of k?
5, 37, 139
Suppose 18*u + 990 = 51*u. Suppose n - 5*d - u - 504 = 0, 4*n - 2044 = -3*d. What are the prime factors of n?
2, 257
Let t be -3*(3 - 1)*(0 - 2). Let o = -107 + t. Let v = 140 + o. List the prime factors of v.
3, 5
Suppose 0 = -5*t + u + 353701, -3*t + 41*u = 43*u - 212205. What are the prime factors of t?
127, 557
What are the prime factors of (-6 + 125004)/6 - 208/(-26)?
3, 6947
Let w(v) = -342*v + 1629. List the prime factors of w(-16).
3, 263
Let p = 4004 - -1567. What are the prime factors of p?
3, 619
Suppose 0 = 43*k - 41*k - 4. Suppose -8 = k*d + 4*r, 4*r = d + 33 + 1. Let a(i) = i**3 + 16*i**2 + 13*i + 32. List the prime factors of a(d).
2, 11
Let u be (-2392)/14 + 6/(-42). Suppose 3*t - 1520 + 566 = 0. Let a = u + t. What are the prime factors of a?
3, 7
Let o = 801 + -1737. List the prime factors of (2*5)/(4/o*-3).
2, 3, 5, 13
Suppose -173*z + 179*z = 162. Suppose -u - 29*w = -z*w - 738, -5*u - 3*w = -3697. What are the prime factors of u?
2, 5, 37
Let r(i) = -181*i - 26. Let l(u) = 12*u + 43. Let x be l(-4). What are the prime factors of r(x)?
3, 293
Let c(g) = 161*g + 136. Let l be c(18). Suppose -3*x - 4*z = -1826, -5*x + 17*z - 19*z + l = 0. List the prime factors of x.
2, 3, 101
Let s = 2755 - 576. What are the prime factors of s?
2179
Let i be (-9)/((-15)/(-5)) - -18. Let w = 22 - i. Suppose w*f - 87 = 312. What are the prime factors of f?
3, 19
Suppose -a = -2*a - a + 19566. What are the prime factors of a?
3, 1087
Let k(a) = a**3 + 70*a**2 - 17*a - 47. List the prime factors of k(-17).
15559
Let l = -233 - -232. What are the prime factors of l/(36 + -39 + (-11572)/(-3858))?
3, 643
Let n be ((-13)/(-4))/((-3)/1308). Let g = 2081 + n. List the prime factors of g.
2, 83
Let d be 31/6 + (-7)/42. Suppose -4*f + 965 = -d*h, -5*f + 5*h = -3*f - 495. Suppose -4*r + 141 = 3*q, r = 5*q - 4*r - f. List the prime factors of q.
47
Suppose -26 = i - 5*f, -5*i + 9*f - 10*f = 0. Suppose 0*n + 5*n - 30 = -3*u, 2*n + u = 11. What are the prime factors of (-14)/8*(i - n)?
7
Let h be (-2 - (25 + 1)) + -3. Let i = h + 36. Suppose -i*n + 140 = 4*p, 4*n + 5*p = 2*n + 56. What are the prime factors of n?
2, 7
Suppose -317*c = -319*c + 246. Let b = c - -293. What are the prime factors of b?
2, 13
Suppose 0 = -3*v + z + 96487, v - 36997 = -3*z - 4808. List the prime factors of v.
5, 7, 919
Let s be (-6)/4 - -1 - 230103/222. Let b = s + 1586. What are the prime factors of b?
3, 61
Let l = 201 - 285. Suppose 5*q - 57 - 133 = 0. Let t = q - l. List the prime factors of t.
2, 61
Let t(b) = b**3 - 10*b**2 - 21*b + 41. Let p be t(12). Suppose p = q + 2*m - 252, 4*q - 2*m = 1336. List the prime factors of q.
3, 37
List the prime factors of -9 + ((-1071448)/(-70) - 6/(-10)).
2, 7649
Let w = 50 - 76. Let r be (-39)/w - (-5)/(-2). List the prime factors of (5/(-10))/(((-1)/(-190))/r).
5, 19
Let r(t) = -179*t - 731. What are the prime factors of r(-16)?
3, 79
Let p = -691 + 659. What are the prime factors of (-1513)/(-2) + (-16)/p?
757
Let p be (-8)/(-52) - (148/(-52) - -1). List the prime factors of (-7304)/(-44)*((-3)/p)/(-3).
83
Let w(v) = -118*v + 45. Let q be w(-7). Let m = q - 579. List the prime factors of m.
2, 73
Let f = -11 - -5. Suppose -9*d - 9 = -2*p - 6*d, 0 = 4*d - 4. List the prime factors of (-40)/p*81/f.
2, 3, 5
Let y(g) = 64*g - 17. Let t(o) = -2. Let w(h) = -6*t(h) + y(h). Let m(d) = d - 7. Let a be m(9). What are the prime factors of w(a)?
3, 41
Let k be ((-140)/(-5))/4 - 1430. Let d = 2473 + k. What are the prime factors of d?
2, 3, 5, 7
Let l = -7232 + 9581. What are the prime factors of l?
3, 29
Let x = -45 + -174. Let m be 26/6 + 2/3. What are the prime factors of -2 + m/((-15)/x)?
71
Let f(d) = d + 64. Let o be f(10). Suppose -1154 = -76*c + o*c. List the prime factors of c.
577
Suppose 413*i - 22255126 - 8701426 = -8673550. What are the prime factors of i?
2, 53, 509
Let i = 846 + 678. What are the prime factors of i?
2, 3, 127
Let z be 10*(-190)/(-4)*1 + -4. Suppose -z - 255 = -2*w. Suppose -w = -2*b + 5. What are the prime factors of b?
2, 23
Let u(i) = -2*i**3 - 12*i**2 - 11*i + 2. Suppose -79 = 10*f + 1. Let g be u(f). Suppose 0 = 2*k - g + 36. List the prime factors of k.
5, 31
Suppose -7*r + 31*r + 309218 = 50*r. List the prime factors of r.
7, 1699
Suppose 2*j - 2 = -q, -21 = -0*q - 4*q + 5*j. Let d be (q/6)/(4/24). Suppose -d*b = -72 - 168. What are the prime factors of b?
2, 3, 5
Let k be (-4 + 54/12)*260. Suppose -2*o + 677 = -3*w, -4*w - k + 786 = 2*o. List the prime factors of o.
2, 167
Suppose -8*b + 19680 + 27856 = 0. List the prime factors of b.
2, 2971
Let z = -1305 - -1308. Let j(n) = n**3 - n**2 + 234. Let d be j(0). Suppose -z*t = -657 + d. List the prime factors of t.
3, 47
Suppose 7*j - 6*j - 4*l = 10, 18 = 4*j - 5*l. What are the prime factors of j/(-14) + 9/(189/22515)?
2, 67
Suppose 0 = 392*n - 118945 - 336878 - 1156865. What are the prime factors of n?
2, 11, 17
Suppose 48 = 5*v + 2*u + 6, -u - 7 = -v. Suppose v*t + 2 - 378 = 0. List the prime factors of t.
47
Let h(u) = 35*u**2 + 6 - 37*u**2 - 2*u - u - 6*u. Let m be h(-5). What are the prime factors of 213/4*(1/3 + m)?
71
Let s(p) = 5*p + 1. Let q be s(-1). Let a = 1576 - 1578. List the prime factors of (77/a)/(1/q).
2, 7, 11
Let b(s) = 547*s**2 + 6*s + 9. Let u be b(-2). Suppose -19*l + 12426 = u. What